?
True
Is 10781235313 composite?
False
Is 78233063 prime?
False
Is 786053843 a prime number?
True
Is 581599967 prime?
False
Is 17323567 a prime number?
True
Is 48029783357 prime?
True
Is 806256523 composite?
False
Is 17131273891 prime?
True
Is 2568678017 a composite number?
False
Is 3994176581 a composite number?
True
Is 3906629791 a prime number?
True
Is 23013458539 a composite number?
False
Is 416997184289 composite?
True
Is 12777984151 composite?
True
Is 15009461213 a composite number?
False
Is 243807665 prime?
False
Is 3175803383 prime?
True
Is 82708415 prime?
False
Is 7529043407 a prime number?
True
Is 894196997 a prime number?
False
Is 1220683537 a composite number?
True
Is 1324960361 a composite number?
False
Is 43833302 a prime number?
False
Is 9230218013 a prime number?
False
Is 4263718103 a prime number?
False
Is 894585277 a composite number?
False
Is 8520685211 prime?
False
Is 24485515603 a composite number?
True
Is 33528783745 prime?
False
Is 32608261579 a prime number?
False
Is 27747593551 a prime number?
True
Is 28807683889 a composite number?
False
Is 1532253181 composite?
True
Is 19104938213 a prime number?
False
Is 630223466 composite?
True
Is 168350383 composite?
False
Is 1514784911 composite?
True
Is 14381695081 prime?
False
Is 18792181787 prime?
True
Is 2003308343 composite?
True
Is 161698981 composite?
False
Is 1528881823 a composite number?
True
Is 127504291 a composite number?
False
Is 50579210741 composite?
True
Is 423356767 composite?
False
Is 206589166313 a prime number?
False
Is 12171726139 a composite number?
True
Is 289309361 composite?
True
Is 226708063 a composite number?
False
Is 2600359681 prime?
False
Is 4817939977 a composite number?
False
Is 1414816103 prime?
True
Is 93319687 composite?
True
Is 6006222263 prime?
False
Is 2316021671 a prime number?
False
Is 2562602909 a prime number?
True
Is 320880731 a prime number?
True
Is 1632010729 prime?
True
Is 84581917741 prime?
False
Is 27357142543 composite?
True
Is 37404963209 prime?
True
Is 23591819 prime?
False
Is 5767628677 composite?
False
Is 1416257317 a composite number?
False
Is 11363727329 composite?
False
Is 6351835349 a prime number?
True
Is 23288774497 composite?
False
Is 1464454447 composite?
True
Is 37319532427 composite?
False
Is 4757605283 prime?
True
Is 12638204641 a composite number?
False
Is 1716073 prime?
False
Is 34432249 prime?
True
Is 3196381093 a prime number?
False
Is 107076869 a prime number?
False
Is 9242565517 a composite number?
True
Is 2185204547 prime?
True
Is 849021917 prime?
True
Is 412045265 prime?
False
Is 20085387961 a prime number?
True
Is 716641465 a prime number?
False
Is 100598243 composite?
False
Is 2847247769 composite?
True
Is 45893108069 prime?
False
Is 794233347 prime?
False
Is 10785747781 a prime number?
False
Is 414541559 composite?
False
Is 449556781 prime?
False
Is 176348377 composite?
True
Is 3234697327 composite?
True
Is 13089914443 a composite number?
True
Is 63497090807 a composite number?
True
Is 6170773954 prime?
False
Is 1553160065 composite?
True
Is 131539685203 a composite number?
False
Is 144274994089 a composite number?
False
Is 17880492529 prime?
True
Is 11897303879 a prime number?
False
Is 2481810427 composite?
True
Is 56234772377 a prime number?
False
Is 11368416377 a composite number?
False
Is 95053257919 a composite number?
True
Is 7594123759 composite?
False
Is 144553492911 a prime number?
False
Is 35207091583 a prime number?
False
Is 3310708553 prime?
True
Is 40680631 a composite number?
False
Is 8520795583 a prime number?
True
Is 58378609559 a prime number?
True
Is 478165109 a prime number?
True
Is 2026782829 a prime number?
True
Is 1479163139 composite?
True
Is 2679193919 prime?
True
Is 7229299999 composite?
False
Is 102179905585 prime?
False
Is 304881659 a composite number?
True
Is 7076122877 a composite number?
False
Is 4336478203 composite?
True
Is 13608139747 a prime number?
True
Is 535215847 composite?
True
Is 15588987737 prime?
False
Is 7781389501 a composite number?
True
Is 1808004049 prime?
False
Is 10975403947 composite?
False
Is 111678715 a composite number?
True
Is 23247689461 composite?
True
Is 4963693313 composite?
False
Is 1482539959 a prime number?
False
Is 920711809 a prime number?
True
Is 1988320337 composite?
False
Is 4562938739 composite?
True
Is 5182657127 prime?
True
Is 3413615389 prime?
True
Is 168220583 a prime number?
True
Is 12381637577 a prime number?
True
Is 31590433397 prime?
True
Is 221329093 prime?
True
Is 179890663 prime?
False
Is 23135934067 a prime number?
True
Is 2189347243 a composite number?
False
Is 17040938039 composite?
True
Is 563792303 a composite number?
False
Is 1544228573 a composite number?
True
Is 13323767209 prime?
True
Is 1492170791 prime?
True
Is 1978409347 composite?
True
Is 1317350699 a composite number?
True
Is 253625321 prime?
False
Is 3884019859 composite?
True
Is 976610147 a composite number?
True
Is 11807742731 prime?
True
Is 75347917639 a prime number?
True
Is 23688222667 a composite number?
False
Is 260330881 composite?
False
Is 14582662723 composite?
False
Is 23146202089 a prime number?
False
Is 434940353 a prime number?
True
Is 336430573 prime?
True
Is 40934620745 a composite number?
True
Is 77084906 prime?
False
Is 153558241 a prime number?
False
Is 1332733463 prime?
False
Is 22047974219 prime?
True
Is 1490486609 a composite number?
False
Is 1370158919 prime?
True
Is 38559903499 a prime number?
False
Is 19509283 a composite number?
False
Is 2460281953 a composite number?
False
Is 10349744567 prime?
True
Is 24113617337 a composite number?
False
Is 27706877761 prime?
False
Is 3941538827 composite?
False
Is 112589472461 prime?
True
Is 9210180029 composite?
False
Is 10617092651 prime?
False
Is 125795983 a prime number?
True
Is 17593341187 a composite number?
True
Is 8529517543 a composite number?
True
Is 28410817667 composite?
True
Is 2964013399 prime?
True
Is 566339509 prime?
True
Is 863553967 a composite number?
True
Is 640991489 composite?
True
Is 34885199663 a prime number?
True
Is 108419827739 a composite number?
False
Is 734012801 a composite number?
False
Is 6191407553 a composite number?
True
Is 47931371923 composite?
True
Is 4852687577 a prime number?
False
Is 4472781037 prime?
True
Is 191340759101 a composite number?
True
Is 116780728447 prime?
True
Is 161775703 prime?
True
Is 435317209 a prime number?
False
Is 203227719 composite?
True
Is 31013774593 a prime number?
True
Is 1916110067 prime?
True
Is 11273781229 composite?
False
Is 1022455241 a composite number?
False
Is 745723637 prime?
False
Is 41767877 a composite number?
False
Is 8159042623 a prime number?
False
Is 15152208817 composite?
True
Is 356844863 a prime number?
True
Is 284668871 prime?
True
Is 5724515843 composite?
False
Is 1788966227 a composite number?
False
Is 3411141803 a composite number?
False
Is 879652801 a composite number?
True
Is 11287257673 composite?
True
Is 7710965419 composite?
False
Is 5180671927 composite?
False
Is 6819982397 a prime number?
True
Is 980058431 a composite number?
True
Is 4805622701 a composite number?
True
Is 214127857 a composite number?
True
Is 678033289 prime?
True
Is 2053896857 prime?
True
Is 28381607767 prime?
False
Is 3518511055 composite?
True
Is 15454977403 a composite number?
False
Is 542902249 a composite number?
False
Is 80940794071 prime?
True
Is 845173141 a composite number?
True
Is 1540482943 a composite number?
True
Is 47625621649 prime?
False
Is 21367480457 prime?
True
Is 215950651 prime?
False
Is 7415588317 a composite number?
False
Is 685784921 a composite number?
False
Is 17948538011 prime?
True
Is 2734786843 composite?
False
Is 3418778161 a prime number?
True
Is 235489884457 prime?
False
Is 216806459 a composite number?
False
Is 197579513 composite?
True
Is 3118858277 prime?
True
Is 21267220297 a prime number?
True
Is 9589551737 composite?
False
Is 77970799429 a composite number?
False
Is 11918786793 a composite number?
True
Is 13478900663 a prime number?
True
Is 504136739 composite?
True
Is 152296456327 prime?
True
Is 23480033987 prime?
False
Is 9199962749 prime?
True
Is 25081532639 a composite number?
False
Is 9316155469 prime?
True
Is 53762019 prime?
False
Is 90107249221 a composite number?
True
Is 11636981647 